rivative of b**5/20 - 2*b**4/3 + b**3 + 7*b**2/2 - 71*b + 1. What is z(7)?
0
Suppose 2*x - 3*m = 8, 5*x + 2 - 15 = 4*m. Suppose -5*v + x = 4*c + 6, -4*v - 10 = 2*c. Let i(j) = j**3 + 6*j**2 + 3*j - 4. What is i(v)?
6
Let t(z) = -z**3 - 8*z**2 - 6*z + 7. Suppose -c = 2 + 6. Let a be -2*(4/c + 4). Calculate t(a).
0
Let h be 8/(-18) + (-104)/(-72). Let y(k) = 7*k**3 + 11*k**2 + 4*k + 1. Let l(o) = o**3 + o**2 + 1. Let z(i) = h*y(i) - 6*l(i). What is z(-4)?
-5
Let o(g) = g + 2. Let j = 1262 - 1253. What is o(j)?
11
Let n(b) = -95*b**2 - 7 + 51*b**2 - 18*b + 32 + 5 + 46*b**2. Determine n(6).
-6
Suppose 3*a - a - 62 = 0. Suppose 0 = 5*u + 11 - a. Let x(n) = 3 + u - 2*n - 6. Determine x(4).
-7
Let s = 265 - 266. Let r(l) be the second derivative of -2*l**3/3 - l**2/2 + l. Determine r(s).
3
Let y(z) be the second derivative of -z**5/120 + 7*z**3/3 - 10*z. Let d(r) be the second derivative of y(r). Calculate d(3).
-3
Let n(z) = 5*z**2 - 10*z + 15. Let d(i) = -i**2 + 3*i - 4. Let t(h) = 9*d(h) + 2*n(h). Determine t(-7).
-6
Let i(h) = h**3 + 11*h**2 - 5. Let g(f) = -7*f + 24. Let r be g(5). Calculate i(r).
-5
Let x(u) = -9*u + 5. Let a(d) = -d**2 - 8*d + 8. Let r(n) = -2*a(n) + 3*x(n). Calculate r(6).
5
Let f(d) = 2*d + 2. Suppose -14 = -p - 2*p + 2*q, 2*p - 12 = 2*q. Suppose 0 = i + 1, -6*i = -3*b - 2*i - p. What is f(b)?
-2
Let i(s) = -s**2 + s + 2. Let h(r) = -2*r**2 + 3*r + 4. Let c(u) = -4*h(u) + 9*i(u). Calculate c(-4).
-2
Let z = -271 + 269. Let x(d) = 3*d**3 + 2*d**2 - d. Calculate x(z).
-14
Let h be ((-2)/(-4))/((-40)/80). Let i(m) = -36*m. Calculate i(h).
36
Suppose -7*n = -3*n - 64. Let x = n - 17. Let s be x + 8/4 + -7. Let p(v) = 2*v + 6. Determine p(s).
-6
Let q(a) = 2*a**2 + 4*a - 1. Let m(j) = -3*j**2 - 5*j. Let g(i) = 3*m(i) + 4*q(i). Suppose 2*n - 7*n + 15 = 0. Determine g(n).
-10
Let c(b) = b**2 - 3*b + 6. Let a be c(2). Let m(u) = -1. Let g(k) = -3*k + 10. Let x be (5/(-2))/(1/(-2)). Let w(y) = x*m(y) + g(y). Calculate w(a).
-7
Let l = -4 - -6. Let a = -49 + 51. Let u(f) = 5*f - a*f + 4 + 2*f - 6. Calculate u(l).
8
Let n(c) = -c + 456 + 458 - 905. Calculate n(5).
4
Let v(l) be the second derivative of l**4/12 - 5*l**3/3 + 7*l**2/2 + 9*l - 1. Give v(6).
-17
Let b(k) = -4*k**2 + 6*k - 1. Let u(f) = -11*f**2 + 19*f - 1. Let x(d) = 8*b(d) - 3*u(d). What is x(8)?
-13
Let m(g) = -g + 10. Let i be m(7). Suppose i*p - 4*p = -1. Let s(h) = 3 - 1 + h + p - 7. Calculate s(4).
0
Let b(d) be the second derivative of d**3/3 - 3*d**2 + d + 168. Suppose 17 - 5 = 3*j. Determine b(j).
2
Let f be ((-10 - -5) + (5 - 2))*1. Let n(r) = -2*r**3 - 2*r**2 + 2*r + 3. Give n(f).
7
Let q(u) be the second derivative of -u**4/12 + 11*u**3/6 - 3*u**2/2 - 132*u. Give q(12).
-15
Let g(w) = -w - 1. Let q(o) = -6*o - 34. Let j(f) = -18*g(f) + 2*q(f). Let m be j(8). Let d(t) = t + 2. Determine d(m).
0
Let i(q) = -q**3 - 8*q**2 - 3. Let x(z) = -z**3 - 5*z**2 - 6*z - 7. Let l be x(-4). Suppose -d - 9 = -l. Determine i(d).
-3
Let h = -47 - -51. Let g(s) be the second derivative of 0 + 5/6*s**3 + 0*s**2 + 1/12*s**h - 4*s. Determine g(-6).
6
Let t(m) = m - 14. Let f(i) = i - 11. Let u(z) = 4*f(z) - 3*t(z). What is u(0)?
-2
Let r(q) = -5*q + 0*q + 7 + 8*q + 0*q - 11. Determine r(3).
5
Suppose -2*c + 3*b = -9, 2*c + 15 = -7*b + 2*b. Suppose 6 = 4*r + 3*q, c*r - 11 = -r + 4*q. Let j(x) = -x**2 + 6*x - 1. Calculate j(r).
8
Suppose -2*l - 5*d = 7, 2*l + 4*d = 5*l + 22. Let g(x) be the second derivative of -x**5/20 - x**4/2 - x**3/3 + 3*x**2 + 600*x. Give g(l).
18
Let k(t) = t**2 - t + 83 - 87 + 3*t + 0*t**2 + 6*t**3 - 5*t**3. Calculate k(0).
-4
Suppose -2*t + 5*f - 23 = 0, -3*f + 24 = -t + 2*f. Let z(j) = -j + 3. Let r(x) = -1. Let g(h) = t*z(h) - r(h). Determine g(7).
-3
Let k = 10 - 7. Let h(n) = -n**3 + 5*n**2 - 3*n. Let s be h(k). Let j be s/(1 - -2) - 3. Let u(g) = g + 4. Calculate u(j).
4
Suppose -3*g + 2*i + 12 = -g, -2*g = 4*i + 12. Let j be 4/g + -3 + 2. Let v(o) = -3*o + j + 4*o - o - o. Give v(0).
1
Suppose 4*n + 4*c - 12 = 0, -5*c + 4 = 2*n + 1. Let f(d) = 0*d + 7*d - n*d - 1 - 4*d. Suppose 2 - 6 = 4*i. Determine f(i).
0
Suppose 0*r + 2*r = -18. Let k(n) be the second derivative of n**5/20 + 5*n**4/6 + 4*n**3/3 - 2*n**2 - 24*n + 2. Give k(r).
5
Let q(y) = 8*y + 63. Let w be q(-7). Let m(o) = 2*o**2 - 16*o + 16. Calculate m(w).
2
Let i(j) = 2*j**2 + 4*j - 5 + j**3 + 2 - 2*j**3. Let a be 2*4/(-10)*-5. Let r be (6/7)/(a/14). Give i(r).
0
Let s(v) = 9*v**2 + 20*v + 23. Let f(g) = -5*g**2 - 11*g - 12. Let w(q) = 11*f(q) + 6*s(q). Calculate w(-5).
-14
Let r(a) = -3*a - 15. Let v(s) = s + 6. Let o(c) = -5*r(c) - 12*v(c). Suppose -10*b + 1 = -9*b + 2*m, -4 = -2*b - 5*m. What is o(b)?
-6
Let q(m) = 3*m**3 - 2*m**2 - 4*m. Let w(t) = 3*t**3 - 2*t**2 - 3*t. Let s(p) = 4*q(p) - 5*w(p). Calculate s(2).
-18
Let w(n) be the second derivative of 2*n**3/3 - n**2/2 - n. Suppose -53 = -289*l + 814. Give w(l).
11
Let u(q) = q**3 - 2*q**2 - 4*q. Let o be u(3). Let y(b) = -b + 3*b - 3*b + 1 + b**2 - b + b. Calculate y(o).
13
Let w(m) = -29*m + 9. Let r(v) = -10*v + 3. Let c(d) = 17*r(d) - 6*w(d). What is c(6)?
21
Let b(q) be the third derivative of -q**6/120 + q**5/6 - 3*q**4/8 - 5*q**3/6 - 366*q**2. Calculate b(9).
-5
Let u(j) = -j - 12. Suppose a - 3*d + 10 = -a, 0 = -a + d - 3. Suppose -2*s + 9 = a. Suppose s*o - g + 25 = 4*g, 0 = 3*o + g + 14. What is u(o)?
-7
Let r(n) = -n**3 - 7*n**2 + 3*n - 13. Let d be r(-8). Suppose 3*w = d - 78. Let b = w + 12. Let u(f) = f**2 + 3*f - 2. What is u(b)?
8
Suppose 12*j - 69 = -9. Let k(o) = -o**3 + 4*o**2 + 3*o - 6. Give k(j).
-16
Suppose -7*l + 6 = 4*v - 9*l, 5*l = -2*v + 9. Let b(d) = -17*d + 3 + 0*d - d**v + 12*d. Determine b(-3).
9
Let j(k) = -k. Suppose 2*b - b = 0. Let h be j(b). Suppose 3*p = -h*p - 15. Let o(w) = w**2 + 7*w + 6. Determine o(p).
-4
Let z(k) = -5*k**2 + 2*k - 1. Let w be z(1). Let x(a) = a**3 + a**2 - 1. Let t(m) = -3*m**3 - 5*m**2 - m + 15. Let j(u) = w*x(u) - t(u). What is j(0)?
-11
Let j(l) be the first derivative of -3*l - 1/3*l**3 + 7/2*l**2 - 23. Give j(3).
9
Let z(u) = 10*u**3 - 4*u - 3. Let q(k) = -27*k**3 - k**2 + 11*k + 8. Let y(p) = 3*q(p) + 8*z(p). Determine y(-3).
-3
Let c = 47 + -41. Let t(k) = -14*k**3 + 44*k**2 + 13*k + 15. Let w(y) = 5*y**3 - 15*y**2 - 4*y - 5. Let a(u) = c*t(u) + 17*w(u). Give a(-8).
-11
Let z(n) = 2*n**2 + n**2 + 2*n - 4 - n**3 - n. Let a be ((-6)/30)/(32/(-240))*(0 + 2). Calculate z(a).
-1
Let d = 24 + -29. Let a(x) = -2*x**2 + 19*x + 2. Let b(z) = z**2 - 10*z - 1. Let r(w) = d*b(w) - 3*a(w). What is r(6)?
-7
Let p be 348/(-29)*(-2 - -1). Let w(i) = 8*i - 3*i - i**2 + 6*i + 8. Calculate w(p).
-4
Let y(s) = 29*s**2 - 4*s - 28. Let v(r) = -6*r**2 + r - 1. Let i(z) = 5*v(z) + y(z). Determine i(0).
-33
Let q(i) = -i**2 + 6*i + 4. Let l(o) = o**2 + 7*o + 10. Let z be l(-5). Suppose z = -4*y + 2*y + 20. Let u be (y + 10)*(-1)/(-4). Calculate q(u).
9
Let d(v) = -v - 6. Let w = -1555 + 1548. Calculate d(w).
1
Let s(y) = -y - 14. Suppose 3*v = -u - 41, 0 = u - v + 32 - 3. Let h = -30 - u. Suppose 5*d = -20, -h*d = j - 5*j + 8. What is s(j)?
-14
Let l be -3 + 24/9 + (-17)/3. Let j(u) = 9*u + 2. Let g(b) = -b - 4 + 7*b - b + 5. Let d(q) = l*j(q) + 11*g(q). Determine d(-1).
-2
Let m(f) = f**3 - 7*f**2 + 7*f - 5. Let g = 884 - 879. Calculate m(g).
-20
Let n(d) be the third derivative of -d**6/120 + 7*d**5/60 + d**4/12 + 4*d**3/3 - 362*d**2. Give n(8).
-40
Let y(a) be the third derivative of -a**9/60480 - a**8/10080 + a**7/840 + a**6/144 - a**5/12 - 6*a**2. Let h(w) be the third derivative of y(w). What is h(-4)?
13
Let h(j) = 15*j + 4. Suppose -894*k - 4 = -893*k. Calculate h(k).
-56
Suppose 598 = -8*s + 662. Let k(w) = w**3 - 9*w**2 + 8*w - 5. What is k(s)?
-5
Suppose -3*l - 2*l = 5*g, -5*l + 2 = 4*g. Suppose 6*y = 9*y - 6. Let k(d) = -4 - y*d**2 + 1 + 11*d - 8*d. Give k(l).
-5
Let o(s) be the second derivative of 0 - 20*s + 1/6*s**4 + 2*s**2 - 1/6*s**3. Determine o(3).
19
Let o(v) = -v**2 + v - 1. Let m(k) = 9*k**2 - 4*k + 4. Let c = -36 - -33. Let s(n) = c*o(n) - m(n). Determine s(1).
-6
Let w(s) = 4 - s**3 + s - 27 + 9 + 5 + 5. Give w(0).
-4
Let m be (2/4 - 1)*-10. Suppose -3*c = -2*w + 8 - 1, 3*c + m*w + 14 = 0. Let b(l) = -2*l - 6. Let f be b(c). Let z(d) = -d**3 + d**2 - d - 6. Give z(f).
-6
